prime factors of a(d)?
11
Let h = 49 + -46. List the prime factors of h.
3
Let l(u) = 7*u**2 + 3*u + 1. What are the prime factors of l(-3)?
5, 11
What are the prime factors of ((-180)/27)/((-6)/9)?
2, 5
Suppose 0 = -l + 3*l - 78. What are the prime factors of l?
3, 13
Suppose 4*l + 2*t + 2*t - 968 = 0, 0 = l - 2*t - 227. What are the prime factors of l?
3, 79
Let r = 33 - 18. Suppose 4*y = -18 - 6. Let i = y + r. What are the prime factors of i?
3
Let z(d) = 2*d + 13. What are the prime factors of z(7)?
3
List the prime factors of 36/(-1 - -5 - 3).
2, 3
Let f be (1 - 2)/(2/(-6)). Let w = -9 - -9. Suppose -b + w*b = -f. What are the prime factors of b?
3
Suppose -u + 55 = -y, 2*y = -u + 68 - 1. List the prime factors of u.
59
Let w = -2 - -5. List the prime factors of (28/w)/((-8)/(-12)).
2, 7
Let z(p) = -p**3 - 14*p**2 + 14*p - 12. Let j be z(-15). Suppose 0 = 2*k, -5*i + j*k + 22 + 3 = 0. What are the prime factors of i?
5
Let s = -11 - -17. Suppose 4 = -2*d + s*d. What are the prime factors of (2 - d)/(1/7)?
7
Let z(d) = -d**2 + 22*d + 21. List the prime factors of z(15).
2, 3, 7
Let s(p) = -p**3 + 10*p**2 + 8*p - 1. What are the prime factors of s(10)?
79
Let a(w) = w - 1. Let g be a(-4). Let z = g - -18. What are the prime factors of z?
13
Suppose -3*p = g - 3, -2*p = -g + p + 3. Suppose k + 5*v = -k + 55, -4*v = g*k - 86. List the prime factors of k.
2, 3, 5
Let k(a) = -a**2 + 4*a - 1. Suppose -3*o = 5*g - 11, 0*g + 2*g = -4*o - 4. Let j be k(g). What are the prime factors of (j - -2)/(-1)*-7?
7
Let o be (-2)/(0 - 2)*-21. What are the prime factors of (-46)/(-3) - (-7)/o?
3, 5
Let y be -9*(4/6 - 3). Let n = 15 + y. List the prime factors of n.
2, 3
Let n be -5 - -1 - 2/(-2). What are the prime factors of n + (-3 + 5)*13?
23
Suppose 0 = 2*g + 2*s - 584, -48 + 360 = g - 4*s. What are the prime factors of g?
2, 37
What are the prime factors of 12/4 + 124 + 1?
2
Let d = -213 + 402. What are the prime factors of d?
3, 7
Let y(z) = -z**3 + 7*z**2 + 9*z - 14. What are the prime factors of y(7)?
7
Let o(q) = -q**3 + 3*q**2 + 3*q - 6. Let f be o(4). Let l = f + 16. What are the prime factors of l?
2, 3
List the prime factors of (1 + 0)*31 - -3.
2, 17
Let f(y) = 2*y**2 + 10*y - 2. Let g be f(-8). Suppose 2*d - g = 2*i, -2*d - 2*i + 0*i = -26. List the prime factors of d.
2, 3
Let c = 4 - 2. Let i = c - 0. Suppose 4 = -q - 3*q + 5*x, i*q = -3*x + 20. List the prime factors of q.
2
Let z = 11 + 8. What are the prime factors of z?
19
Suppose 4*v + v = 245. What are the prime factors of v?
7
Let l(z) = -z**3 + 4*z**2 - 3*z + 3. Suppose 11 = 5*c + 71. Let u be (-3)/12 + (-39)/c. List the prime factors of l(u).
3
Let m(s) be the first derivative of -s**3/3 - 2*s**2 + 3*s - 1. List the prime factors of m(-3).
2, 3
Let w be -2*(0 - 9/2). Suppose 10 = -2*l - 3*b, -6*l + l = 2*b + 14. Let v = w + l. List the prime factors of v.
7
What are the prime factors of (0/(-1))/(-2) + 100?
2, 5
Suppose 4*s = -o + 11, -2*o - 6 = 3*s - 2*s. Suppose 0*y = y + 4*t - 10, 4*y = s*t + 100. What are the prime factors of y?
2, 11
Let h = -66 + 75. What are the prime factors of h?
3
Let f = 0 - -2. Let l(i) = -3*i - f*i**2 + 3*i**2 - 2*i**2. List the prime factors of l(-2).
2
Let j(d) = -d**3 - 11*d**2 - 12*d - 6. Suppose -i - 6 = 2*m, -i - 4*m - 3 = -1. List the prime factors of j(i).
2, 7
Suppose 1 = -2*y + 3. Let a = y + 14. What are the prime factors of a?
3, 5
Let v(s) = -11*s. Suppose -q + 6*q = -10. List the prime factors of v(q).
2, 11
Let m(i) = i**2 + 7*i - 9. Let r be m(-7). Let t be (-3)/(-2)*(-24)/r. Suppose 0*l - l = -3*k + 10, t*k = -l + 25. List the prime factors of k.
5
Let r be 6/(-5)*20/6. Let z be (21/(-9) + 3)*-3. Let m = z - r. List the prime factors of m.
2
Let d be 2/(-7) - (-54)/42. Let h = d - -11. What are the prime factors of h?
2, 3
Suppose 0 = -y - 3*o + 16, 5*y = 2*o - 4*o + 67. Suppose -x + 7 = -y. What are the prime factors of x?
2, 5
Suppose -24 = -5*u + 26. Let y = -3 + u. What are the prime factors of y?
7
Let s(n) = 6*n**2 - 1. Suppose -4*i - 3*m + 1 = 0, 2*i - 4*m = m - 19. What are the prime factors of s(i)?
23
Suppose -s = 2*b - 27, -4*s + 17 = 2*b - 25. Let h = 16 - b. Suppose h*l + 10 = 0, 2*l + 22 + 27 = 5*t. What are the prime factors of t?
3
Let r = 3 - 1. Suppose r*h = h. Suppose h = p - 1 - 10. What are the prime factors of p?
11
Let w(g) = -g**3 + 6*g**2 + 3*g + 4. Let o be (-25)/(-4) + 2/(-8). What are the prime factors of w(o)?
2, 11
Suppose -180 = -4*t - 4*l, -5*l - 8 = 7. List the prime factors of t.
2, 3
Suppose 2*d = 3*v - 1, -4*v + 12 = -5*d - 1. Let b(c) = -2*c - 1. Let o be b(v). Suppose 2*y = 2*a + o*y - 29, -2*y = -6. List the prime factors of a.
2, 5
Let s(p) = p**3 + 6*p**2 + 3*p - 7. Let m be s(-5). Suppose m*r - r = 0. Suppose 2*n + n - 13 = -w, -2*w - 10 = r. List the prime factors of n.
2, 3
Let f(d) = -d**2 - 21*d + 20. What are the prime factors of f(-18)?
2, 37
Let g be (-40)/7 - 2/7. Let q(p) = p**3 + 5*p**2 - 9*p - 8. List the prime factors of q(g).
2, 5
Suppose 0 = 2*g - 6*g. Suppose -u - 5*y + 8 = g, 0*y + 16 = 2*u + 5*y. What are the prime factors of u?
2
Suppose -2*g = 3*g. Suppose -2*i + 0*i + 4 = g. What are the prime factors of i?
2
Suppose 0*u + u = -13. Let l = 25 + u. What are the prime factors of l?
2, 3
Let r(u) = -5*u - 9. Let f be r(-9). Suppose -51 = -3*j + f. What are the prime factors of j?
29
Let p = 11 + -15. What are the prime factors of (3 - -1)/(p/(-16))?
2
Suppose 19 = 2*k + 5. Suppose 0 = -h - 5*i + 28, -k*h + 2*i + 156 = -3*h. What are the prime factors of h?
2, 19
Let g = 16 - 16. Suppose 3*x + x - 88 = g. List the prime factors of x.
2, 11
Let r = 18 + -13. Let m = 10 - r. List the prime factors of m.
5
Suppose -3*y - w = -8, -5*y = 2*w - 0*w - 14. Suppose 2 = -c - 0*c, -22 = -y*u + 4*c. Let t = -2 + u. List the prime factors of t.
5
Let x = -31 + 47. What are the prime factors of x?
2
Suppose -k - 5*j + 12 = 0, -5*k = -k + 4*j. Let w = k + 6. Suppose -w*u = h + h - 12, -2*h = -3*u - 36. List the prime factors of h.
2, 3
Suppose -146 = -5*g + 39. What are the prime factors of g?
37
Let a(l) = -l**3 + 6*l**2 - 3*l + 2. List the prime factors of a(5).
2, 3
Let g be (2 - 1)/((-2)/50). Suppose -10*h + 138 = -7*h. Let o = g + h. List the prime factors of o.
3, 7
Suppose -h = 4*t - 7, 0*t + 2*h + 4 = t. Let l = -5 - t. Let q = l - -22. List the prime factors of q.
3, 5
Let q(h) = h - 6. Let a be q(-12). Let w = a - -33. Suppose -w = 2*z - 5*z. List the prime factors of z.
5
Let q = -7 - -10. Suppose -8 + 23 = q*l, 4*f + 5*l = 57. What are the prime factors of f?
2
Let b(t) = t**3 + 5 + 5*t - 4*t - 3 - 3. List the prime factors of b(2).
3
Suppose 140 = 6*f - f. Let x(d) = -2*d**2 - 8*d + 4. Let w be x(-6). Let l = f + w. List the prime factors of l.
2
Let h(b) = 5*b**2 - b + 3. What are the prime factors of h(3)?
3, 5
List the prime factors of (-7)/(-2)*24/14.
2, 3
Let p(v) be the first derivative of 5*v**3/3 + v**2 + v + 3. Let l be p(-1). Let u(g) = g**3 - 4*g**2 + 2*g + 3. What are the prime factors of u(l)?
11
Suppose 3*b + 71 = g - b, 2*g - 92 = -2*b. What are the prime factors of g?
3, 17
List the prime factors of (45/10)/((-1)/(-34)).
3, 17
Suppose -52*u = -57*u + 260. What are the prime factors of u?
2, 13
Let o = 293 + -185. What are the prime factors of o?
2, 3
Suppose 4*q = -q + 10. Let o = q - -1. What are the prime factors of o?
3
Suppose -4*r - 35 = -9*r - 4*w, -2*w = -10. Suppose -11 = -l - u - u, r*u = 4*l - 77. List the prime factors of l.
17
Suppose -5*o + 46 = -4*o. List the prime factors of o.
2, 23
Suppose 0 = 5*z - 208 + 23. List the prime factors of z.
37
Suppose -5*q + 250 = -0*q. List the prime factors of q.
2, 5
Let v(b) = 2*b. Let o(m) be the third derivative of -m**4/12 - m**3/6 + m**2. Let q be o(-4). List the prime factors of v(q).
2, 7
Let t = 11 - 7. Suppose 3*d - 5 = -5*r, -t*d + 33 = d - 4*r. What are the prime factors of d?
5
Suppose 5 + 0 = m. Suppose -47 = -2*i + m*g, 4*g = 3*i + 2*g - 43. What are the prime factors of i?
11
Let m be (-34)/6 - 12/(-18). Let f(v) = v**3 + 4*v**2 - 5*v + 5. Let h be f(m). Let b = 9 - h. What are the prime factors of b?
2
Let y be -1*((-3 - 2) + 0). Suppose -5*t = -5, 2*k - y*t + 9 = 3*k. List the prime factors of k.